 g(q) = q**3 + q**2 - 14*q + 8. List the prime factors of g(5).
2, 11
Let b(r) = -4*r + 2. Let q be b(-2). Suppose -2*s = 2 - q. List the prime factors of s.
2
Suppose -3*u = 2*l - 128, 3*l + 4*u + 94 = 285. List the prime factors of l.
61
Suppose 0 = -2*b + 36 - 0. What are the prime factors of b?
2, 3
Let c be (-1)/2*-1*130. Suppose 4*z - 3*o - c = -4*o, 0 = 4*z + 3*o - 59. List the prime factors of z.
17
What are the prime factors of 126/4 - (-2)/4?
2
Let l(s) = -s**2 + 10*s - 1. Let t be l(10). What are the prime factors of 13 + 2 - 2/t?
17
Let n(p) = -p**3 + 4*p**2 + 8*p - 6. List the prime factors of n(5).
3
What are the prime factors of -4*(1 - 39/6)?
2, 11
Let r be 2 + 4 + (5 - 8). Suppose -53 = -r*v + 2*h, -2*v + 3*v + h - 21 = 0. List the prime factors of v.
19
Let r be 1/2 + 1/2. Suppose -o + 10 = r. What are the prime factors of o?
3
Let a(s) = -s**2 - 2*s**2 - 4*s - 2 + 2*s**2. Let v be a(-8). Let m = -21 - v. What are the prime factors of m?
13
Let d be (-57)/18 + 2/12. Let n(i) = -i - 1. Let l be n(d). Suppose -2*m = 5*k - 30, 0*m = 5*k - l*m - 10. What are the prime factors of k?
2
Suppose -5 = 5*p - 5*t, t - 1 = -p + 4. List the prime factors of p.
2
Let v(y) be the second derivative of -y**3 - 3*y**2/2 + 2*y. Let u be v(-2). Let s = 20 - u. List the prime factors of s.
11
Suppose -4*v + 140 = -104. What are the prime factors of v?
61
Let d be (-4)/30 + (-14)/(-105). Suppose c - 6 = x + 9, d = -3*c - 3*x + 45. List the prime factors of c.
3, 5
Let t(a) = -53*a - 11. Let h(b) = -26*b - 5. Let n(k) = 9*h(k) - 4*t(k). What are the prime factors of n(-1)?
3, 7
What are the prime factors of 2 + (-3 - (1 - 5))?
3
Let n(p) = p**3 - 11*p**2 - 9*p + 3. List the prime factors of n(12).
3, 13
Let n(l) = -l**2 - 9*l - 9. Let k be 10/(6/(-3)) - 1. What are the prime factors of n(k)?
3
Let h be (-3)/(-6) - 10/4. Let b be 0 + h + 3 - -1. Suppose 4 = p - 0, b = 2*v - 2*p. List the prime factors of v.
5
Let r(c) = c**3 + 18*c**2 + 11*c - 23. List the prime factors of r(-16).
313
Suppose 0 = 5*j - 2*b - 36 - 9, -j + 2*b + 1 = 0. Let n = 4 + j. Suppose -20 = -5*g - 5*s, 4*g + 3*s - n = 6. What are the prime factors of g?
3
Suppose -5*s = -8*s + 54. What are the prime factors of s?
2, 3
Let a(t) = -t**3 + 8*t**2 - 8*t + 2. Let r be a(7). Let x = 10 + r. What are the prime factors of x?
5
Let v(a) = -27*a - 2. Let y(k) = 55*k + 4. Let w(o) = -13*v(o) - 6*y(o). List the prime factors of w(2).
2, 11
Suppose -5 = 3*f - 8*f, 2*v = 3*f - 111. Let h = v + 77. What are the prime factors of h?
23
Suppose -2*m + 4*p + 30 = 3*m, m = 2*p + 12. Let h be (m/(-4) - -2)*2. Suppose 0 = 4*d - h*d - 10. List the prime factors of d.
2, 5
Let v(m) = m**3 - 5*m**2 + 6*m + 2. Let i be v(5). What are the prime factors of i/(-12)*63/(-6)?
2, 7
Let p be -50*((-3)/(-6) + -3). Suppose b - p = -4*b. What are the prime factors of b?
5
Suppose 5*h = -z + 4 + 27, 4*h = 12. Let f = z - -14. List the prime factors of f.
2, 3, 5
Let x(k) = k**2 - 7*k - 5. Let o(g) = g**2 - 7*g - 4. Let z(q) = -4*o(q) + 5*x(q). Suppose 58 = 6*w + 4. List the prime factors of z(w).
3
Suppose j - 128 = -j. List the prime factors of j.
2
Let i(c) = -c**3 - 3*c + 4. What are the prime factors of i(-3)?
2, 5
Suppose q = 4*g - 3*q - 24, 2*g + 4*q = 0. Suppose 2*k - 2*l - g = -2, 0 = -3*k + l + 7. List the prime factors of k.
3
Let u(z) = -z - 2. Let j(r) = r + 1. Let y be j(-6). Let k be u(y). Suppose -4*f + 29 = k*x, -3*f = -3*x - 0*f + 15. List the prime factors of x.
7
Suppose 6 - 2 = -m + 5*a, -4*m + 28 = 2*a. Let n = m - 10. What are the prime factors of 1/(1/(1 - n))?
5
List the prime factors of (-2 + (121 - 1))*(-125)/(-50).
5, 59
Let b(v) = -v. Let t be b(-2). Let g(w) = 4*w**2 - 4*w + 2. List the prime factors of g(t).
2, 5
Let g = 7 - 5. Suppose g*j = 69 - 9. List the prime factors of j.
2, 3, 5
What are the prime factors of ((-12)/(-8))/(4/1384*3)?
173
Suppose q + 3 = 5*j + 13, -77 = -5*q - 2*j. List the prime factors of q.
3, 5
Suppose 3*x = -12, -2*o + x = -0*o + 38. Let r = -15 - o. What are the prime factors of r?
2, 3
Let o = 24 - 16. Let c be (6/(-8))/(2/o). What are the prime factors of 11 + (c/3 - 0)?
2, 5
Suppose 44 = -4*w + 4*d, 0 = 4*w + d - 4*d + 40. Let h(p) be the first derivative of p**4/4 + 7*p**3/3 - p**2 - 4*p + 1. List the prime factors of h(w).
2, 5
Let p(d) = 8 + d - 2 - 2. Let b be (7/2)/(6/12). What are the prime factors of p(b)?
11
Let g = -1 + 7. Suppose g*s = 3*s + 9. What are the prime factors of s?
3
Let g = -18 - -112. List the prime factors of g.
2, 47
Suppose 13*t = 3815 - 760. What are the prime factors of t?
5, 47
Let l(i) = i**2 + 8*i - 3. What are the prime factors of l(-10)?
17
Let w = -52 + 92. What are the prime factors of w?
2, 5
Let x(w) = -37*w - 2. Let o be x(-2). Suppose n = -n + o. Suppose n + 4 = 5*r. What are the prime factors of r?
2
Let j(m) = -2*m - 5. Let u be j(-4). Suppose -2 = 2*r - u*p, -r - 3*p + 6*p = 4. Suppose 17 = 5*z - 2*q, r = 3*z - 2*q - 9. What are the prime factors of z?
3
Let g(b) be the second derivative of 2*b**3 - b**2/2 + 2*b. List the prime factors of g(1).
11
Suppose -3*a - j + 134 = 0, -3*a + 3*j - j = -146. Let q = 20 - 50. Let b = q + a. List the prime factors of b.
2
Let j = -7 + 6. Let n(o) = -7*o + 1. List the prime factors of n(j).
2
Let p(i) = 4*i + 6. Let j be p(6). Suppose 0 = -3*l + l + j. List the prime factors of l.
3, 5
Let s(f) = -14*f - 3. List the prime factors of s(-2).
5
Let m(c) = c**2 - 1. Let p be m(1). Suppose -2*j = 2*z - 12 - 12, -5*j + 3*z + 84 = p. List the prime factors of j.
3, 5
Suppose 0 = -14*t + 15*t - 29. What are the prime factors of t?
29
Suppose -n = 3*q - 5, 3*n - 8 - 7 = 2*q. Let h be 1*(0 + 1)*0/(-1). Suppose -d + q*d + 9 = h. List the prime factors of d.
3
Let o(p) = -p**3 + 9*p**2 + p + 3. Suppose -14 = -5*j + 26. Let g = 1 + j. What are the prime factors of o(g)?
2, 3
Let h be (-2*1)/(-6)*3. Let g be h - (-2 + 1) - -1. Suppose g*y - 7*y = -48. What are the prime factors of y?
2, 3
Suppose 0*s = -3*s. Let p be s + 6*18/4. Let z = -15 + p. What are the prime factors of z?
2, 3
Suppose 2*p - 14 = -2. Let k = p + -2. List the prime factors of k/14 - (-280)/49.
2, 3
Let r(j) = j**2 - 11*j + 5. What are the prime factors of r(14)?
47
Let t = -25 - -44. Suppose 4*z + 3 = t. Suppose d + z*d = 75. List the prime factors of d.
3, 5
List the prime factors of (83 - 0) + -2 + (-2 - 0).
79
Let u be (-5)/(10/(-6)) - 1. Let x = 1 + u. Suppose 53 = 3*b - 4*w, 5*b - x*w = -2*w + 60. What are the prime factors of b?
11
Let l be -1 + (-8)/(-4) - -2. Suppose 2 = 2*i - 8, -3*a + 18 = -l*i. List the prime factors of a.
11
Let y be ((-153)/(-6))/(2/4). Let l = y - 33. What are the prime factors of (0 + 1)*l/2?
3
Let f = 1 - 1. Suppose f = i + 3*i - 36. What are the prime factors of i?
3
Let m be (-2 - 8)*6/(-15). Suppose -m*d - 27 = -211. What are the prime factors of d?
2, 23
Let w(y) = -92*y - 3. What are the prime factors of w(-1)?
89
Let y(g) = 22*g. Let m be y(1). Suppose m = -5*v - 123. What are the prime factors of v/(-5) + 2/10?
2, 3
Let c be ((-12)/2 - 2) + 2. List the prime factors of 54/7 - c/21.
2
Suppose -5*k = -4*c - 270, 0 = 3*c - 4*c + 5. List the prime factors of k.
2, 29
What are the prime factors of 1656/40 - (-4)/(-10)?
41
Let q(l) = -13*l - 16. What are the prime factors of q(-8)?
2, 11
Let q = -62 + 170. List the prime factors of q.
2, 3
Suppose 0 = -2*j + 4*r + 190, 6*j - r - 359 = 2*j. What are the prime factors of j?
89
Suppose -4 = z - 0*z. Let c(l) = -l. Let q be c(z). List the prime factors of 5/((-5)/(-2)) + q.
2, 3
Suppose 2*n = -3*c - 11, 0 = -5*c + 16 - 41. Suppose 4*q = -3*j + 5 + 4, n*q - 5*j - 11 = 0. What are the prime factors of q?
3
Let d be 8/20 + (-74)/10. Let g(q) = q**2 + 8*q + 9. Let h be g(d). Suppose 0 = -h*n + 10 - 0. What are the prime factors of n?
5
Suppose 127*t - 122*t - 900 = 0. What are the prime factors of t?
2, 3, 5
List the prime factors of ((-1)/1 - 19)*-4.
2, 5
Let s(z) = -z**2 - 11*z - 11. Let v be 3*((-44)/12 - -1). What are the prime factors of s(v)?
13
Suppose n + 5*b = 44, -4*n + 2*b = -6*n + 96. What are the prime factors of n?
7
List the prime factors of (10*-25)/(-2) + -4.
11
Let a(w) = -w**3 - 16*w**2 + 3*w - 31. What are the prime fa